 1 = 3. Let h be d(w). Suppose -51 = 4*u - h. Calculate the remainder when u is divided by 14.
12
Let o be 6*(-12)/(-18) + 0 + 1. Suppose s - 4*m = -2 - 6, 15 = o*m. What is the remainder when 5 - (1 + (-1 - 0)) is divided by s?
1
Let j = 1 + 2. What is the remainder when (-5)/(-30)*76 + (-2)/3 is divided by j?
0
Suppose -7*s + 250 + 114 = 0. What is the remainder when 361 is divided by s?
49
Suppose j - 6*j + 877 = 2*g, -5*g = -4*j - 2242. Calculate the remainder when g is divided by 56.
54
Let x = -214 + 272. Calculate the remainder when x is divided by 8.
2
Suppose -25*i - 101 = -1451. What is the remainder when i is divided by 41?
13
Suppose -81 = 2*l - 193. Calculate the remainder when l is divided by (-2 - (-2 - 12))*6/12.
2
Let k(g) = -g**3 - g**2 + g - 1. What is the remainder when 138 is divided by k(-4)?
9
What is the remainder when 369 is divided by 20/(-70) - (720/(-21) - 3)?
36
Let j = -247 + 253. What is the remainder when 179 is divided by j?
5
Suppose -z + 23 = 2*q, -4*q + 4*z + 6 + 22 = 0. Let a = 12 - q. Suppose -r + 61 = 4*m, a*r - 34 = -2*m + 4. What is the remainder when 39 is divided by m?
11
Let n(t) = 31*t - 3. Calculate the remainder when n(2) is divided by (-75)/(-6)*4/(-50)*-20.
19
Suppose 44 + 13 = 3*y. Let i = y - 0. What is the remainder when -5*18*10/(-25) is divided by i?
17
Let u(n) = -n**3 - 2*n**2 + 11*n + 56. Calculate the remainder when u(-7) is divided by 49.
28
Let x = -39 + 44. Suppose -x*o + 157 = 2*v, -2*o - 5*v + 65 = -2*v. Calculate the remainder when o is divided by 9.
4
Suppose -10*m + 35*m - 850 = 0. Calculate the remainder when m is divided by 21.
13
Let b be (2 - 2) + (-2 - 3 - 1). What is the remainder when ((-57)/(-6))/(3/6) is divided by (5 + b)/((-2)/10)?
4
Let j = 371 + -344. What is the remainder when j is divided by 5?
2
Let q = -103 + 304. What is the remainder when q is divided by 51?
48
Suppose 67*d - 288 = 55*d. Calculate the remainder when 790 is divided by d.
22
Suppose 5*w - 5 = 4*w. Let l(m) = -6*m - 10. Suppose -10*v - 5 = 25. Calculate the remainder when l(v) is divided by w.
3
Suppose 40 = 8*b + 2*b. Suppose 10 = -b*v + 50. What is the remainder when 45 is divided by v?
5
Suppose -10*t + 381 + 1549 = 0. Calculate the remainder when t is divided by 28.
25
Let x(i) = -i**3 + 15*i**2 - 13*i - 14. Let g be x(14). Suppose g = 3*r + 18 - 45. What is the remainder when 35 is divided by r?
8
Let d be -1 + 1 - (-36)/2. Let j = -13 + d. Suppose 2*o - 18*r = -19*r + 34, 4*o - 5*r - 68 = 0. Calculate the remainder when o is divided by j.
2
Let i = 1132 - 1116. Let k(w) = -2*w - 2. Calculate the remainder when i is divided by k(-6).
6
Let w(o) = -27*o - 623. What is the remainder when w(-54) is divided by 27?
25
Suppose 66*z - 42*z - 144 = 0. Calculate the remainder when 113 is divided by z.
5
Let v(q) = 1 - 4*q**2 - 6*q - 4 + 3*q**2. Let n be v(-5). Suppose -g = -3, -n*j = g - 45 + 6. What is the remainder when 52 is divided by j?
16
Let c be 3/2*(-868)/(-21). Let b(j) = -j**3 - 2*j**2 - 2*j. What is the remainder when c + -2 + (-27)/9 is divided by b(-3)?
12
Suppose 3*b - 8*l - 51 = -13*l, 3*l + 27 = 3*b. Calculate the remainder when 2591 is divided by b.
11
Let n be 0 - (-12)/(8/2). Suppose n*z - 4*z + 11 = 0. What is the remainder when 21 is divided by z?
10
Let k(j) = -j**2 + 15*j + 24. Calculate the remainder when k(8) is divided by 65.
15
Let i(k) = 7*k**2 - 2*k + 4. Let u be i(-4). Let r(a) = 124 - u - a + 6*a**2 - a**3. Calculate the remainder when r(5) is divided by 8.
4
Let y(g) = -2*g**2 - 5*g + 3. Let j be y(-5). Let a = 26 + j. Calculate the remainder when 11 is divided by a.
3
Let z(m) = 17*m - 4. Let v be z(2). Suppose -5*f = 4*p - 27 - v, 2*f - 5*p = 3. Calculate the remainder when f is divided by (4/5 - 0)*5.
1
Let p(g) = g**3 - 2*g**2 + 9*g - 2. What is the remainder when 206 is divided by p(4)?
8
Let j be (7/(-35))/(3/(-165)). Suppose -10*s = -j*s + 19. Calculate the remainder when 94 is divided by s.
18
Let l(n) = 4*n**2. Let w be l(1). Suppose -5*m = 4*h - 148, w*h - m - m = 148. Suppose -2*z = -49 - h. What is the remainder when z is divided by 15?
13
Let l = 9 + 14. Let w(t) = t**2 - 6*t + 5. Let r be w(4). Let v(h) = -h**3 - h**2 + 4*h + 2. What is the remainder when l is divided by v(r)?
7
What is the remainder when 29 is divided by ((-784)/12)/7*9/(-12)?
1
Let d(s) = 2*s**2 - s - 1. Let n = 11 + -6. What is the remainder when 86 is divided by d(n)?
42
Let u(b) = 3*b**2 - 12*b - 13. Suppose 9*f - 6*f = 18. Let y = -5 - -18. What is the remainder when u(f) is divided by y?
10
Let t(a) = -3 + 8*a + 6*a + 1 - 28*a. What is the remainder when t(-2) is divided by 16?
10
Suppose -10*s = -7*s - 51. What is the remainder when s is divided by 10?
7
Let m be 18*2/(-3)*1. Calculate the remainder when (226/8)/((-3)/m) is divided by 19.
18
Let c(b) = 4*b + 142. Calculate the remainder when c(-4) is divided by 11.
5
Suppose -5*l = -4*o + 76, 4*l + 36 = -3*o + 62. Calculate the remainder when 14 is divided by o.
0
Suppose -m + 0*m - 3*p - 4 = 0, 5*p + 15 = 0. Suppose -m*c = -5*q + 55, -3*q + 0*c = -c - 33. What is the remainder when 4*((-18)/(-2) + -1) is divided by q?
10
Let v(r) = -11*r - 2. Let l be v(-8). Suppose -2*a = 20 - l. What is the remainder when a is divided by 7?
5
Suppose 38 = 4*m - 2*m. Let r = -280 + 640. Suppose -t - 9*t = -r. What is the remainder when t is divided by m?
17
Let v = -100 + 170. What is the remainder when 346 is divided by v?
66
Suppose -h - 5*q + 1 - 18 = 0, 5*h - 19 = q. Let b be (-8)/18*9/(-2). Suppose 0*g - 9 = -g - z, -b*z = 3*g - 24. What is the remainder when g is divided by h?
0
Let m = -20 + 73. Suppose -5*g + x + 37 = -2*g, x + 9 = g. What is the remainder when m is divided by g?
11
Let g = -1903 + 1905. What is the remainder when (-1 + (-3)/(-2))*4 is divided by g?
0
Let f = -10 - -12. Let u(a) = 2*a**3 - 2*a**2 + 2. Calculate the remainder when 118 is divided by u(f).
8
Suppose -245 = -6*g + 3*g + 4*i, 0 = 4*g + 5*i - 275. Suppose g = 4*n - 9. What is the remainder when n is divided by (-24)/3*9/(-6)?
9
Suppose 16*w - 12*w = 0. Suppose w = -5*a + 4*p + 317, 0 - 9 = 3*p. Calculate the remainder when a is divided by 16.
13
Suppose u - 166 = -x, 5*u + 614 = 4*x - 50. Let a = 36 + -12. What is the remainder when x is divided by a?
22
Suppose -2*k + 130 = 2*l, 2*l - 5*k - 85 = 38. What is the remainder when 573 is divided by l?
61
Suppose -19364*p = -19408*p + 1100. Suppose -t + 41 = -27. Calculate the remainder when t is divided by p.
18
Let f = -17 - -22. Let g be (-1)/f + 21/5. Calculate the remainder when (-475)/(-9) - g/(-18) is divided by 18.
17
Suppose -4*z = 30 - 274. Let h = -41 - -42. Calculate the remainder when z is divided by (-20)/(-15)*h*12.
13
Suppose 76 = 2*c - 22. Let d = -53 - -79. Suppose -d = -5*t + 3*t. Calculate the remainder when c is divided by t.
10
Let m = 26 - 32. Calculate the remainder when 9 is divided by (60/(-50))/(2/5) - m.
0
Suppose -3*n = -5*n + 74. Let s = 47 - n. Calculate the remainder when s is divided by 4.
2
Calculate the remainder when 55 is divided by (-35)/14*-2 - -4.
1
Suppose -4*f + 102 = 4*c - 2*c, 4*c = -4*f + 188. Suppose -5*v + j + j + c = 0, -2*v - 5*j = -23. What is the remainder when 53 is divided by v?
8
Suppose 5*m - 12 = 8. Suppose 2*h = 6, m*h = 3*c + 3*h - 9. Calculate the remainder when 4 is divided by c.
0
Suppose 11 = 2*w + 9. Let b(k) = 202*k - 2. Let j be b(w). Suppose -j = 7*h - 662. Calculate the remainder when h is divided by 23.
20
Suppose 30*m - 285 = 345. Calculate the remainder when 29 is divided by m.
8
Let u = 380 + -339. Calculate the remainder when u is divided by 14.
13
Let u(m) = -2*m**2 - 20*m + 43. What is the remainder when 83 is divided by u(0)?
40
Suppose -3*c + 537 = -3*t, -115 + 117 = 2*t. What is the remainder when c is divided by 35?
5
Let n(j) = -2*j**3 - 25*j**2 + 15*j + 53. Let o(x) = 22*x - 3. Calculate the remainder when o(5) is divided by n(-13).
26
Let f be (5/5)/(1/2). Calculate the remainder when 82 is divided by 7*(f + (0 - -2)).
26
Let d(q) = -q**2 - 10*q + 26. Suppose -2 = 4*w - 10, 16 = -o + 2*w. What is the remainder when 7 is divided by d(o)?
1
What is the remainder when ((-12)/(-15))/(76/103170) is divided by 121?
118
Let i be 1 + -4 